 + 14. Let i(c) be the first derivative of 2*c**2 - 2*c - 130. What are the prime factors of i(w)?
2, 13
Let h be (-47 - -8)*2/(-6). Let t(x) = 10*x - 36. What are the prime factors of t(h)?
2, 47
What are the prime factors of ((-10049)/(-65) - (-4)/10)*3?
3, 5, 31
Let k = 56 - 56. Suppose -28 = -s + 3*u + 31, k = -s - u + 55. List the prime factors of s.
2, 7
Let s = -423 - -1037. What are the prime factors of s?
2, 307
Let k = 2897 - 1471. What are the prime factors of k?
2, 23, 31
List the prime factors of 2*2/2 - -228.
2, 5, 23
Let g(v) = -v**3 - 2*v**2 + v + 1. Let m be g(-5). Let l = m - 17. Suppose a - 5*d - 18 = 0, 2*a - d - l = -0*a. What are the prime factors of a?
2, 7
Let n be (-342)/(-8) + (-3)/4. Let k = -4 + n. List the prime factors of k.
2, 19
Let j be 605/25 - (-2)/(-10). Let d = -10 + j. What are the prime factors of d?
2, 7
Let x(y) = y**2 - 8*y + 12. Let c be x(8). Let v be (-2)/((-28)/c + 2). Suppose -4*l = -2*l - v. What are the prime factors of l?
3
Let m(j) = 52*j**2 + 7*j + 10. Suppose -v - 13 = 5*d, -3*d = 3*v - 9 + 24. List the prime factors of m(d).
2, 3, 17
Let i = -1692 - -3595. List the prime factors of i.
11, 173
Let y = 65 - 61. Suppose 4*c - 480 = 3*x, -4*x = -y*c + 233 + 251. List the prime factors of c.
3, 13
Let s(u) = 673*u - 61. List the prime factors of s(8).
5323
Let u = -25 - -22. Let x be 202/u*9/(-6). Suppose 17 = -3*p + x. List the prime factors of p.
2, 7
Suppose 0 = -4*h + 2*u + 356, u - 432 = -5*h - 3*u. Suppose 5*k = -h + 18. What are the prime factors of 4/(-7)*k/4?
2
Let r be 10/(-3)*30/(-20). Suppose -2*i + 12 = 5*k - 11, r*i - 17 = k. What are the prime factors of i?
2
Suppose 36*j - 142783 = 12773. What are the prime factors of j?
29, 149
Let k be 13/(117/(-30))*(-3)/2. Suppose 3*d + 2*d - 240 = -k*o, -5*d = -5*o + 290. What are the prime factors of o?
53
Let v(y) = -126*y - 543. What are the prime factors of v(-31)?
3, 19, 59
Let k(s) = 2*s**2 + 10*s + 12. Let l(i) = 6*i. Suppose 3*o = -5 + 2. Let j be l(o). What are the prime factors of k(j)?
2, 3
Let l(b) = -3104*b + 163. List the prime factors of l(-1).
3, 11
Suppose 2*s = r - 101, 5*s = -3*r + 299 - 40. Suppose -r + 263 = 2*t. What are the prime factors of t?
5, 17
Suppose -2*u + 1004 = 3*m, -6*m + 2*u + 348 = -5*m. What are the prime factors of m?
2, 13
Let b(y) be the second derivative of y**5/4 + y**4/4 - y**3/2 + y**2/2 + 12*y. What are the prime factors of b(2)?
47
Suppose -3*b - z = -2, -2*b + 3*z + 2*z = 10. Suppose 8*h - 1135 + 199 = b. What are the prime factors of h?
3, 13
Let h = -685 - -839. What are the prime factors of h?
2, 7, 11
Let n(i) be the second derivative of i**4/12 - i**3/2 + 105*i**2/2 + 20*i. List the prime factors of n(0).
3, 5, 7
Let v(s) = -s**2 + 21*s + 14. Let y be v(18). Let b = 96 + y. List the prime factors of b.
2, 41
List the prime factors of (74/(-185))/(2/(-6320)).
2, 79
Suppose 7*b - 3*b - 116 = 0. Suppose 0 = v + 3*f + 10, -5*f = -4*v + 47 - 2. Suppose -b = -5*a + v*k + 56, 0 = 3*a + k - 43. List the prime factors of a.
3, 5
Let w be 30/12*(2 - 0). Suppose 12 = 4*s - w*v - 19, 3*v = 4*s - 25. Suppose -9 = -r + s. What are the prime factors of r?
13
Suppose -5*y + 8590 = 3*t + 1129, 0 = 3*t - 5*y - 7431. What are the prime factors of t?
2, 17, 73
Let u(i) = -1 - 5*i**2 - 4*i + 2*i**2 + 9*i**2. List the prime factors of u(2).
3, 5
Let g(i) = i**3 + 40*i**2 - 11*i**2 - 15 + 2 - 14*i**2 - 7 - 20*i. Suppose -z = -5*y + 11, 4*y + 1 = -3*z - 51. List the prime factors of g(z).
2, 11
Suppose -4*t + 9 = -t. Let r be 2/((-1)/(t - 4)). List the prime factors of 4/2 - -2 - r.
2
Let j(g) be the first derivative of -g**2/2 - 5*g - 4. Let h(i) = -1. Let k(d) = -12*h(d) + 3*j(d). List the prime factors of k(-4).
3
Let g be 102/20 - (-5)/(-50). Suppose -a + 317 = 3*a - 5*x, 0 = g*a + x - 418. What are the prime factors of a?
83
Let j(l) = 1001*l - 44. What are the prime factors of j(4)?
2, 3, 5, 11
Let g be (-8)/(-4 - -6) + 87. Let j = -11 + g. List the prime factors of j.
2, 3
Let a(w) = -284*w + 12. List the prime factors of a(-2).
2, 5, 29
Suppose 2763 = 5*k - s, -2*k + 2*s + 1096 = -3*s. List the prime factors of (2/(-4))/(14/k)*-4.
79
Let l be (27/3)/3 - 0. Suppose 2*y + 2 = 0, 25 = 2*a + l*y - 14. Let o = -10 + a. What are the prime factors of o?
11
List the prime factors of 1 + 6 + -5 - -739.
3, 13, 19
Let x(j) = j - 9. Let w be x(9). Suppose -2*g + 5*g = w. Suppose g = t + 3*y - 30, -t = 5*y - 25 + 5. What are the prime factors of t?
3, 5
Suppose -7*r + 776 = -183. Suppose -g + 20 = 3*g, -g + r = t. List the prime factors of t.
2, 3, 11
Let f = 32 + -25. Let b = 31 - f. Suppose -3*d = -2*t - 7*d + b, 7 = -4*t + 3*d. List the prime factors of t.
2
Suppose -5*y + 18 = r, 2*y + y = 12. Let f(j) = -5*j**2 + 0*j + 8*j**2 + 2 + j + 10*j**2. What are the prime factors of f(r)?
2, 13
What are the prime factors of (-4680)/(-4)*10/30?
2, 3, 5, 13
List the prime factors of (-2)/(-6)*3 - (9 - 1508).
2, 3, 5
Suppose -2*h - 1 = -3. Let q = 937 + -933. Suppose -f = -q + h. What are the prime factors of f?
3
Suppose 2*l = -0*l - 2. What are the prime factors of -142*-1*l/(-2)?
71
Let c(t) = 7*t + 6. Let x be -4 - -4 - 2/1. Let p = x + 7. What are the prime factors of c(p)?
41
Suppose 7*h - 11*h = -12. Let p = h - 3. Suppose -44 = -p*i - 4*i. What are the prime factors of i?
11
Suppose -44 = 3*d - o - 32, -5*d - 34 = 3*o. Let j(m) = -7*m + 2. Let n be j(-2). Let s = n + d. What are the prime factors of s?
11
Suppose 3*r - 145 = 3713. List the prime factors of r.
2, 643
Let o(n) = -3*n + 7. Let m be (2 - 12)/(0 + 2). Let t be o(m). Suppose -v + 2 = -t. List the prime factors of v.
2, 3
Let z = 77 - 55. Let u = z - 22. Suppose 3*d + 3*d - 156 = u. What are the prime factors of d?
2, 13
Let v(d) = -3*d**3 - 7*d**2 + 12*d - 6. Let l(a) = 7*a**3 + 13*a**2 - 23*a + 11. Let o(r) = 4*l(r) + 9*v(r). What are the prime factors of o(10)?
2, 5
Let o = 454 + -104. Suppose -v = -h + v + 93, 4*h = -3*v + o. What are the prime factors of h?
89
Let p(h) = h**2 + 3*h - 5. Let a = -1 + 4. Suppose -a*z + 3*s - 15 = 0, -z + s + s - 5 = 0. What are the prime factors of p(z)?
5
Let p be (18/8)/((-9)/(-12)) - -3. What are the prime factors of 4/p*17/(68/792)?
2, 3, 11
Suppose -19*x - 4476 = -3*y - 21*x, -y = x - 1492. List the prime factors of y.
2, 373
Let d = -1220 - -846. Let y = -209 - d. What are the prime factors of y?
3, 5, 11
What are the prime factors of (312/10)/(18/120)?
2, 13
Let d(a) = -2*a**2 + 9*a + 6. Let b be (6/(-10))/((-4)/20). Let l(t) = -t**2. Let j(h) = b*l(h) - d(h). What are the prime factors of j(-4)?
2, 7
Let p(w) = w**3 + 6*w**2 + 4*w - 5. Let x be p(-5). Suppose 0*q + 3*c = 2*q - 130, x = 2*q - 2*c - 132. What are the prime factors of q?
2, 17
Suppose -50*i + 1812 = -47*i. What are the prime factors of i?
2, 151
Let h = -66 + 33. Let l be -1 + (-4 + -3 - 1). What are the prime factors of (-18)/l - (h - 1)?
2, 3
Suppose -2*a + 6*a - 60 = 0. Let s be (-2)/(-3) + 65/a. What are the prime factors of ((-18)/s)/((-2)/5)?
3
Suppose -55*v + 58546 = -51014. List the prime factors of v.
2, 3, 83
Let v(z) = 79*z**2 + 9*z + 13. Let f be (8/16)/((-3)/12). List the prime factors of v(f).
311
Let x(j) = -j**3 - 4*j**2 - 3*j - 3. Suppose 1 = 3*r - 32. Suppose -4*z - r - 9 = 0. List the prime factors of x(z).
37
Suppose 22*t - 27370 = 12*t. What are the prime factors of t?
7, 17, 23
Let n(z) = -6*z**3 + 2*z**2 + z. Suppose -k = 4*j + j - 19, -5*j + 21 = -k. Let m be n(k). Let x = m - -7. What are the prime factors of x?
2, 7
Let x = 41 + 37. Let y = 197 - x. Suppose -4*d + 145 = -y. What are the prime factors of d?
2, 3, 11
Suppose -2*y = -17 + 7. Suppose -3*n - 3*h + 288 = 0, 5*n = y*h + 413 + 77. What are the prime factors of n?
97
Let c = -10 - -14. Let u(q) = -q. Let i(s) = -11*s + 8. Let l(r) = -i(r) + 3*u(r). What are the prime factors of l(c)?
2, 3
Suppose -5*i + 195 - 35 = 5*c, 3*c = 5*i + 72. Let v = c + -13. Suppose 4*p - v = -2*g + 16, -2*p + 4 = -2*g. What are the prime factors of p?
2, 3
Suppose 8*c = 3*c + 15. Suppose c*j = j + 120. What are the prime factors of j?
2, 3, 5
Suppose 68 = 4*w - 4*i, -5*i = 3*w + 13 - 104. Let s = w + 16. What are the prime factors of s?
2, 19
What are the prime factors of 2/((-2)/(-5)